 4 and 273117?
1
What is the highest common divisor of 34117 and 3924?
109
Calculate the greatest common factor of 82 and 50143.
41
What is the greatest common divisor of 96 and 89232?
48
What is the greatest common factor of 41 and 4141?
41
Calculate the greatest common factor of 96693 and 1158.
579
Calculate the highest common divisor of 8183 and 441.
49
What is the greatest common factor of 376 and 59?
1
What is the highest common divisor of 8058 and 17238?
102
What is the highest common divisor of 7583186 and 104?
26
What is the greatest common factor of 282896 and 48?
16
What is the highest common divisor of 8568 and 840?
168
Calculate the highest common factor of 35 and 791.
7
Calculate the greatest common divisor of 1249 and 14634533.
1249
Calculate the greatest common factor of 164 and 65846.
82
Calculate the greatest common factor of 5577 and 21021.
429
Calculate the highest common divisor of 80 and 2044720.
80
What is the greatest common divisor of 1383818 and 402?
134
What is the greatest common factor of 290 and 31813?
29
Calculate the greatest common factor of 11575 and 333823.
463
What is the greatest common divisor of 5010 and 750?
30
Calculate the greatest common factor of 14616 and 464.
232
What is the highest common divisor of 115182 and 3634?
158
Calculate the greatest common divisor of 3307440 and 48.
48
What is the highest common factor of 321322 and 1388?
694
Calculate the highest common factor of 64830 and 1005.
15
Calculate the highest common factor of 58145 and 24461.
401
Calculate the highest common factor of 120197 and 892.
223
Calculate the greatest common divisor of 2168 and 540916.
1084
Calculate the highest common divisor of 102873 and 318.
159
Calculate the highest common factor of 30120 and 160.
40
What is the highest common factor of 318 and 148559?
53
What is the greatest common divisor of 8 and 296696?
8
Calculate the greatest common factor of 10322336 and 32.
32
What is the greatest common factor of 58875 and 8625?
375
What is the highest common factor of 79182 and 12?
6
Calculate the highest common divisor of 306 and 434061.
153
What is the greatest common divisor of 2274175 and 425?
425
Calculate the highest common divisor of 26596 and 976.
244
What is the greatest common divisor of 34218 and 6390?
18
What is the highest common factor of 1906777 and 307?
307
Calculate the greatest common factor of 66063 and 171.
57
What is the highest common divisor of 819274 and 212?
106
Calculate the highest common factor of 179148 and 48.
12
What is the greatest common factor of 4330 and 80?
10
Calculate the greatest common divisor of 336 and 5059656.
168
What is the highest common factor of 625269 and 522?
87
What is the highest common factor of 5455690 and 310?
310
Calculate the highest common divisor of 863885 and 6116.
1529
What is the greatest common factor of 176 and 8500624?
176
What is the highest common factor of 1681 and 3649?
41
What is the highest common factor of 56462 and 70?
14
What is the greatest common factor of 7 and 6885?
1
What is the highest common factor of 15888 and 10032?
48
What is the highest common factor of 69283 and 79?
79
Calculate the highest common factor of 956 and 726799.
239
What is the greatest common factor of 1890 and 1190?
70
What is the greatest common divisor of 174 and 2874?
6
What is the highest common divisor of 992940 and 130?
130
What is the greatest common factor of 149611 and 343?
7
Calculate the greatest common divisor of 156351 and 844.
211
What is the greatest common factor of 510 and 12546?
102
Calculate the greatest common divisor of 69 and 8441.
23
Calculate the highest common factor of 145 and 46110.
145
Calculate the greatest common divisor of 29 and 268743.
29
What is the highest common divisor of 300642 and 14?
2
Calculate the highest common factor of 57 and 377967.
57
Calculate the greatest common divisor of 114609 and 11.
11
Calculate the highest common divisor of 1130 and 12998390.
1130
Calculate the greatest common divisor of 1570 and 650.
10
What is the greatest common factor of 126 and 465822?
126
Calculate the greatest common factor of 13 and 185666.
13
Calculate the greatest common divisor of 138 and 3217677.
69
What is the greatest common divisor of 1 and 3967?
1
What is the greatest common factor of 250 and 134875?
125
Calculate the greatest common factor of 10918 and 106.
106
Calculate the greatest common divisor of 12859 and 705408.
1837
What is the greatest common factor of 7058823 and 333?
111
Calculate the highest common factor of 18 and 118926.
18
What is the highest common factor of 37443 and 42?
21
What is the highest common factor of 1539 and 5913?
81
What is the highest common divisor of 2852496 and 144?
144
Calculate the highest common factor of 50398 and 565.
113
Calculate the highest common factor of 68 and 104108.
68
What is the highest common factor of 1358 and 1708?
14
What is the highest common divisor of 8001 and 63?
63
Calculate the highest common factor of 1488 and 327608.
248
Calculate the greatest common factor of 438 and 1847922.
438
What is the highest common factor of 126 and 7994?
14
Calculate the greatest common factor of 31926 and 2550.
102
Calculate the highest common divisor of 16644 and 9804.
228
What is the greatest common divisor of 44 and 270875?
11
What is the greatest common divisor of 5 and 258215?
5
What is the highest common divisor of 852822 and 306?
306
Calculate the greatest common factor of 722795 and 1295.
185
Calculate the highest common factor of 1207201 and 15111.
1679
What is the highest common divisor of 340 and 232220?
340
What is the highest common factor of 30093 and 294?
21
What is the greatest common divisor of 10 and 1036290?
10
What is the greatest common factor of 16536 and 168?
24
Calculate the highest common divisor of 10302 and 8466.
102
Calculate the highest common factor of 70 and 31010.
70
Calculate the highest common factor of 680832 and 216.
216
What is the greatest common divisor of 154 and 5216750?
154
What is the highest common factor of 17208 and 22466?
478
What is the greatest common divisor of 350 and 229300?
50
Calculate the highest common divisor of 3611695 and 1030.
515
What is the highest common divisor of 6006 and 6?
6
Calculate the highest common factor of 19 and 192413.
19
What is the highest common factor of 14255019 and 2313?
2313
What is the highest common divisor of 17 and 4153763?
17
Calculate the highest common factor of 819 and 30933.
63
What is the greatest common divisor of 518 and 32375?
259
What is the greatest common factor of 674 and 13964606?
674
Calculate the highest common factor of 26926 and 4.
2
Calculate the greatest common factor of 432 and 83700.
108
Calculate the greatest common factor of 1426 and 70886.
46
Calculate the greatest common divisor of 62749 and 1916.
479
Calculate the greatest common factor of 12220 and 59220.
940
What is the highest common factor of 1032297 and 21?
21
Calculate the greatest common factor of 7897502 and 38.
38
What is the highest common divisor of 15745 and 871?
67
Calculate the greatest common factor of 25155 and 1170.
585
Calculate the highest common divisor of 83376 and 168.
24
What is the highest common divisor of 20979 and 12321?
333
What is the highest common factor of 27430 and 390?
130
What is the highest common divisor of 144 and 115728?
48
What is the highest common factor of 1877148 and 364?
364
What is the highest common divisor of 705 and 58797?
141
What is the greatest common factor of 70087 and 9592?
109
Calculate the greatest common factor of 563 and 10697.
563
Calculate the highest common factor of 44 and 243353.
11
Calculate the highest common divisor of 4745 and 5475.
365
Calculate the greatest common factor of 45 and 428205.
15
Calculate the greatest common divisor of 441 and 100695.
147
What is the greatest common factor of 38 and 1072?
2
Calculate the highest common factor of 17394 and 78.
78
Calculate the greatest common factor of 1681077 and 107.
107
Calculate the greatest common divisor of 34710 and 125190.
390
What is the highest common factor of 152007 and 345?
69
What is the greatest common divisor of 24 and 653442?
6
What is the greatest common factor of 3344 and 25916?
836
What is the grea